n divisor of x and 418?
38
Let k = 71 - 58. Suppose -18*z + 25 = -k*z. Suppose z*i - 138 - 577 = 0. Calculate the highest common divisor of 13 and i.
13
Let z(j) = 5*j**3 + 2*j**2 - 2*j + 2. Let u be z(1). Let m = 15 + -1. Let f be 4/m - (-776)/28. Calculate the greatest common divisor of f and u.
7
Suppose 2*v - 556 = -2*a - 48, -4*v = -4*a + 1024. Calculate the greatest common divisor of a and 15.
15
Suppose -8*t - 120 = -14*t. Let g be -2*2 + (-105)/(-5). Let d = -13 + g. Calculate the greatest common divisor of t and d.
4
Suppose -608 - 434 = -4*z - 3*y, -5*y - 508 = -2*z. What is the greatest common factor of z and 8029?
259
Let w(o) = -o + 10. Let q be w(2). Let b be (2/1)/(5*q/300). What is the greatest common divisor of 135 and b?
15
Suppose -17*u - 23*u + 2480 = 0. What is the greatest common divisor of u and 1984?
62
Let f(w) = 3*w - 56. Let t be f(16). Let p = 13 + t. Suppose -4*d + 0*a = -a - 46, 68 = p*d + 4*a. What is the greatest common divisor of d and 30?
6
Let b be -183 + -10 + 4 + (-5 - -5). Let l = b - -324. Calculate the highest common divisor of 360 and l.
45
Let r(k) = k**2 - 16*k + 25. Let q be r(14). Let w = 0 - q. Suppose 0 = 5*u - 0*j + w*j - 52, 2*u - 21 = -j. Calculate the highest common factor of 1 and u.
1
Let g(m) = m + 5. Let t be g(6). Suppose -81 + 38 = -u. Let z = 100 + u. Calculate the highest common divisor of z and t.
11
Let q = -879 - -1330. Suppose 10*y - 11 = 9*y. What is the greatest common divisor of y and q?
11
Let a be (-10)/15 + (-3)/((-27)/42). Let p be 2240/6 - (a + 56/(-12)). Calculate the highest common factor of 34 and p.
34
Suppose 0 = 58*h - 466 - 3968 - 4556. Calculate the highest common factor of 5 and h.
5
Let u(b) = -b**3 - 9*b**2 - b - 9. Let p be u(-8). Let g = -51 - p. Suppose 0 = -13*m + g*m - 195. What is the highest common divisor of 78 and m?
39
Let q = -286 - -298. Suppose -w = -5*a + 170, 0 = a - 9*w + q*w - 18. Calculate the greatest common divisor of a and 396.
33
Let a = 4772 + -4457. What is the greatest common divisor of a and 90?
45
Suppose -5*p + 2*r = -119156, -4*p + 133*r = 132*r - 95329. What is the highest common factor of p and 17?
17
Let a = -247 - -7. Let y = -239 - a. Let r = 8 - 6. What is the highest common factor of r and y?
1
Let o be ((308/(-33) + 10)*1)/(1/99). Calculate the greatest common divisor of o and 9537.
33
Let j be -335*(25/40*-4)/((-15)/(-6)). What is the highest common factor of j and 5159?
67
Suppose 0 = -4*z + 4, -2*t + 0*t = 4*z - 10. Suppose -24*b + 25*b = -t*s + 65, -b = -s - 53. What is the greatest common divisor of b and 448?
56
Let d(w) = -w**3 - 2*w**2 + 4. Let j be d(2). Let r = -12 - j. Suppose 11 + r = s. What is the greatest common divisor of s and 44?
11
Let a(f) = -30*f**2 - 5*f + 2. Let k be a(-2). Let t = k - -115. Suppose 3*r - 4*g - 20 = 199, r = g + 74. What is the highest common factor of t and r?
7
Let q(u) = -u**3 + 7*u**2 - 4*u - 5. Let x be q(6). Suppose -839*l + 876*l = 2072. What is the highest common factor of l and x?
7
Let x(d) = 10*d**2 - 27*d + 32. Let w be x(5). Suppose j + 25 + 74 = 0. Let b = j + w. Calculate the greatest common factor of 6 and b.
6
Suppose -42*j + 8*j + 9350 = 0. What is the greatest common factor of 165 and j?
55
Let n(t) = 8*t**2 - 49*t + 261. Let u be n(15). What is the highest common factor of 255 and u?
51
Suppose 25*s = -357*s - 245*s + 86526. What is the greatest common factor of s and 2806?
46
Let k be ((-36)/8)/(38/(-380)). What is the greatest common divisor of 2265 and k?
15
Let l(g) = -6*g + 23. Let a be l(4). Let x be (-40)/(-6)*a*(-5 - 4). What is the greatest common divisor of 105 and x?
15
Suppose 17*z = 89 + 13. Let k be 2124/92 - z/69. Calculate the greatest common divisor of k and 92.
23
Let h be ((-58)/(-6))/(7/21). Let c = -27737 - -27766. Calculate the highest common divisor of c and h.
29
Suppose -3*y + 241 = 4*m, -2*m + 1 - 5 = 0. Let w = -79 + y. Let a be 1*21 - (w - 6/2). What is the highest common divisor of 4 and a?
4
Suppose 16 = 2*x + v - 6, -22 = -2*x + 2*v. Let n(q) = q**2 - 5*q + 12. Let f be n(x). What is the greatest common divisor of 39 and f?
39
Let n be -3 + 4 - (0 + 0/(-1)). Let w = 230 + -213. Calculate the greatest common factor of n and w.
1
Let c be (-1)/2*-2 + -58 + 68. Suppose -c*x + 1143 = -353. Calculate the greatest common divisor of 17 and x.
17
Let i(z) = 15 + 0 + 4*z + 3*z + 9. Let j be i(-3). Suppose 4*q - 12 - 120 = -j*n, 3*q = 9. What is the greatest common divisor of n and 120?
40
Let s be (-15 + (-272)/(-20))/((-2)/(-10)). Let y be -2*(439 - 5)/s. What is the greatest common divisor of y and 31?
31
Suppose -2*a - 2*a - 340 = 0. Let z be a/(-7) + 13/(-91). Let g be (-5)/(-20) + 285/z. What is the highest common divisor of g and 6?
6
Suppose 3*a = 2*t - 480, -2*t - 2*a + 22 + 458 = 0. Calculate the greatest common divisor of t and 14760.
120
Suppose 0 = 2*p + 36*m - 40*m - 20, -2*m = 4*p - 20. What is the highest common divisor of 534 and p?
6
Suppose -9*r = -7*r + 44. Let z(f) = f + 48. Let m be z(r). Suppose 0 = 3*q - m - 22. Calculate the highest common divisor of q and 2.
2
Suppose 128*b - 4767 = 2103 + 14762. What is the highest common divisor of 2327 and b?
13
Let n be ((-264)/(-154))/(2/49). Let h be 1596/n*(-46)/(-4). Calculate the greatest common factor of h and 46.
23
Suppose 3*l + 11 - 5 = 3*w, l - 2*w = -6. Suppose -2*t = -2*c - 226, -t - 334 = -4*t + l*c. Calculate the greatest common divisor of t and 81.
27
Let q be (264/(-20))/((-246)/820). What is the highest common divisor of q and 18964?
44
Suppose -12121*l = -12107*l - 952. Calculate the highest common divisor of l and 714.
34
Let z(c) = -5*c**3 + 2*c**2 + c. Let g be z(-1). Suppose j = g*j. Suppose 5*a + 15 + j = 0, -a + 195 = 2*p. Calculate the highest common factor of p and 11.
11
Let p(u) = 827*u - 3285. Let q be p(4). Calculate the highest common factor of 736 and q.
23
Let t be ((-5685)/20*1)/((-11)/((-17688)/(-18))). What is the greatest common factor of t and 67?
67
Let o = -473 - -474. Suppose 2*q + 4*c = 30, -2*c - 90 = -3*q - q. Suppose -5*m + 2*m + q = 0. What is the greatest common factor of o and m?
1
Let o(s) = 712*s**2 - 9*s - 6. Let c be o(-1). Calculate the greatest common factor of 22 and c.
11
Suppose -52*x + 307 + 577 = 0. Suppose x*v = 1952 + 6429. What is the greatest common divisor of 58 and v?
29
Let f(c) = -4*c**2 + 16*c - 7. Let l be f(9). Let m = l + 202. What is the highest common factor of m and 165?
15
Suppose 60*x - 5*g + 6190 = 61*x, 5*x - 31030 = -5*g. Calculate the greatest common factor of x and 405.
135
Let u be ((-2074)/(-366) - 8/(-6)) + 16601. Calculate the highest common divisor of u and 96.
96
Suppose -22*b + 17*b + 56 = h, -4*b = 20. Calculate the greatest common factor of 2187 and h.
81
Suppose 2*d - 3*d + 4 = 0. Suppose d*b + 144 = 4*v, 6*v + 4*b - 144 = v. Calculate the greatest common divisor of v and 80.
16
Let j = 3379 - 2222. Suppose -3*m + 5*p = -6*m + j, 3*m = -4*p + 1156. What is the highest common factor of 48 and m?
48
Let b be ((-57)/6)/(-2*2/8). Suppose 9*r - 6*r = 18. Suppose -r*w = -8*w + 304. What is the greatest common factor of b and w?
19
Suppose 1 + 39 = 3*s - 2*l, 0 = s + 5*l - 2. Let u(z) = -31*z**2 + 267 - 269 + 165*z**2. Let d be u(-1). What is the highest common divisor of s and d?
12
Let b(c) = 22*c - 109. Let d(x) = -6*x + 36. Let j(k) = -2*b(k) - 7*d(k). Let y be j(-19). What is the highest common factor of y and 16?
4
Let x(d) = -376*d - 12. Let p(r) = -r**3 + 9*r**2 - 14*r - 1. Let b be p(7). Let j be x(b). What is the highest common divisor of j and 28?
28
Let t(a) = 7*a**2 + 14*a - 417. Let b be t(15). What is the greatest common divisor of b and 18?
18
Let v be (2/10*-3)/(((-420)/(-6500))/(-21)). Calculate the highest common divisor of 5135 and v.
65
Let o(d) = -d**2 + 80*d - 1158. Let q be o(39). What is the highest common factor of 343 and q?
49
Let t = -1263 + 1282. What is the greatest common factor of t and 1216?
19
Let l(z) = -z**3 - 17*z**2 + 20*z - 4. Let g be l(-18). Let a = g - -128. What is the highest common factor of 132 and a?
44
Let h = 2342 - 2339. What is the highest common factor of 29 and h?
1
Let f(a) = 15*a**3 - 3*a**2 - a + 2. Suppose 6 = 2*y - 0. Let n be f(y). What i